 - 2*k + 198, 43*k + 252 = 5*t + 41*k. Calculate the greatest common divisor of 1775 and t.
25
Let q = -131 - -263. Calculate the highest common divisor of q and 12.
12
Let q = 378 - 329. Calculate the highest common factor of 42 and q.
7
Let y(t) = -t**3 + 12*t**2 - 11*t + 10. Let n be y(10). Let k = n - 84. What is the greatest common factor of k and 224?
16
Suppose 3*m + 28 = 3*g + g, -5*m = 3*g - 50. Suppose 7*a = 230 + 330. What is the greatest common divisor of g and a?
10
Suppose 0 = 5*g - 5*c - 89 - 106, 5*g - 200 = 4*c. Calculate the greatest common divisor of g and 220.
44
Suppose w - 184 = 5*w. Let j = 59 - w. Calculate the greatest common divisor of j and 15.
15
Let a be 2/(-4) + 111/2. Let o(j) = -8*j - 1. Let d be o(-1). Let t(c) = -c**2 + 7*c + 5. Let v be t(d). What is the greatest common factor of v and a?
5
Let l be 632/56 + (-2)/7. Let p(w) = 13*w - 53. Let q be p(l). What is the greatest common factor of 36 and q?
18
Suppose -2*o + 3*b = -612, -296 = 122*o - 123*o + 4*b. What is the greatest common factor of 390 and o?
78
Suppose -30 = -18*y + 60. Calculate the highest common divisor of y and 35.
5
Suppose -2*p - 1995 = 17*p. Let n be (6/(-3))/2*p. What is the highest common factor of 42 and n?
21
Let r = 49 - 10. Calculate the greatest common factor of 286 and r.
13
Suppose 16*j - 11*j + 45 = 0. Let f be (3*6)/(j + 10). Suppose x = p + 22, -2*x + 74 = x - 5*p. What is the highest common factor of f and x?
18
Suppose -87*f - 1100 = -92*f. Calculate the greatest common factor of 40 and f.
20
Let v be 182/5 - (-224)/(-160). What is the greatest common factor of v and 30?
5
Let t be (-112)/12*((-5)/(-10) - 2). What is the greatest common divisor of t and 371?
7
Suppose -1404 = 11*w + w. Let r = 153 + w. Calculate the greatest common divisor of r and 288.
36
Let o be 1/18*-4 + (-3161)/(-9). Suppose 4*m + o = 7*m. Calculate the highest common divisor of m and 13.
13
Let k(g) = -2*g**2 + 17*g + 10. Let q be k(9). What is the greatest common factor of q and 4?
1
Suppose -l - 12 - 17 = -2*n, -3*l + 5*n - 92 = 0. Let w = l + 52. What is the highest common divisor of w and 338?
13
Let i(l) = l**2 - 4*l + 4. Let a be i(5). Let f = a + -5. Calculate the greatest common divisor of f and 1.
1
Suppose -3*s + 22 + 23 = 4*m, 2*m = 2*s + 40. Let c = 196 + -94. Let d = c + -42. Calculate the highest common divisor of m and d.
15
Let h be (5 + -6)*(1 - -7). Let t(p) = -2*p - 21. Let x be t(h). Let g(b) = 13*b**2 + 10*b. Let q be g(x). What is the highest common factor of 25 and q?
25
Let d(w) = 2*w + 3 - 4*w**2 + 1 + 5*w**2. Let a be d(-4). Suppose n - 4*u = 34, u - 70 = -5*n - 4*u. Calculate the greatest common factor of a and n.
6
Suppose -4*o - 20 = -v - 3*v, -o - 5 = 0. Let j(k) = -k. Let z be j(v). Suppose 5*d - 176 - 409 = z. What is the highest common factor of d and 13?
13
Let j(x) be the first derivative of 3*x**4/4 - x**3/3 + x**2 + x - 26. Let t be j(2). Calculate the greatest common divisor of 10 and t.
5
Suppose j - x + 0*x = -11, -3*j = x + 49. Let c = 52 + -52. Let k = c - j. Calculate the highest common divisor of k and 45.
15
Let s be 6/(-10) - (-6)/10. Suppose -2*j - 4*m + 26 = -s*j, -3*j - 3*m = -24. Let o be -5 + (j - 0) + 13. What is the greatest common divisor of 11 and o?
11
Let v be (-2275)/(-250) - (-1)/(-10). Calculate the greatest common factor of v and 288.
9
Suppose 4*m - 15 = 5. Suppose -6*f = -m*f - 6. Suppose 230 = -f*y + 8*y. What is the highest common divisor of y and 46?
23
Let k = -415 + 443. What is the highest common factor of 378 and k?
14
Let i be -2 - ((-3)/3 - 20). Let j = -7 + i. Let a = 217 - 199. Calculate the greatest common factor of j and a.
6
Let k(z) = 3*z**2 + 15*z - 11. Let b be k(-7). Let s be 93/(-2 + (2 - -1)). What is the highest common factor of s and b?
31
Suppose 3*k - 3 = 4*k, 5*x - 114 = 3*k. Calculate the greatest common factor of 35 and x.
7
Suppose 2 = 3*g - 2*g. Suppose -4*z = -g*r, z - 2 = 2*r - 8. What is the greatest common divisor of z and 1?
1
Let f be (-15)/(1 + (-3)/2). Suppose 0 = -2*b + 4*x + 4, -4*b - 14 = -4*x - 42. What is the highest common factor of f and b?
6
Let d = -58 - -139. Let f = d + -80. What is the highest common factor of 13 and f?
1
Suppose 0 = 23*l - 270 + 63. Let d = 3 - 2. What is the highest common divisor of l and d?
1
Let q(l) = -11*l + 286. Let j be q(25). Calculate the highest common factor of j and 583.
11
Let i = 1201 - 680. Suppose 24 = -b + i. Let d = b - 344. Calculate the greatest common divisor of d and 17.
17
Suppose -7*n = n - 640. Let b = n + -32. Calculate the greatest common divisor of b and 64.
16
Suppose 0 = 8*p - 1517 + 477. What is the highest common divisor of p and 10?
10
Let m be 1*7/((-35)/(-135)). Suppose c = -h + m, 0 = c + 2*h - 5*h - 11. Calculate the greatest common factor of 46 and c.
23
Let c be -5 + (-255)/(-4)*32/3. Calculate the greatest common factor of 25 and c.
25
Let z(s) = -s**3 + 7*s**2 + 2*s - 42. Let v be z(6). Calculate the highest common factor of 102 and v.
6
Suppose 416 = 2*c + 2*r, 5*c - 632 = 2*c + r. Calculate the greatest common factor of c and 350.
70
Let a = -14 + 19. Suppose -5 - a = -2*l. Suppose 3*m = -w + 146, 5*w = -l*m + m + 202. What is the greatest common divisor of 24 and m?
24
Suppose 0 = u + 1 + 6. Let w = 1 - u. What is the greatest common factor of w and 12?
4
Suppose 24*q - 50*q = -2028. What is the greatest common divisor of 91 and q?
13
Suppose -2*b = 4*v - 15 - 3, -17 = -4*v - b. Suppose -2*s + 5*s = 18. Calculate the greatest common factor of v and s.
2
Let w be (-15)/40 + (-45)/8. Let d be 3 + w - -5*3. What is the greatest common divisor of 16 and d?
4
Let p(q) = -q**3 + 9*q**2 + 7*q + 3. Let z be p(10). Let l be ((-24)/9)/(6/z). Calculate the greatest common divisor of 36 and l.
12
Let a(j) = 2*j**2 + 14*j + 16. Let n = 21 + -28. Let h be a(n). Calculate the highest common factor of 4 and h.
4
Let m = 720 - 586. What is the highest common factor of m and 67?
67
Let y be 1 + -4 + (-66)/(-3). Suppose -y + 4 = -s. Suppose 0 = -z + 6*z - 375. Calculate the greatest common divisor of s and z.
15
Let k be 13/15 + (-2)/(-15). Let b be (-5 - -6)*(0 + k). What is the greatest common factor of 4 and b?
1
Suppose -5*y + 57 = -28. Suppose -5*o - y = -2. Let v = 5 - o. Calculate the highest common factor of v and 32.
8
Let y(p) = -3*p - 2. Let d be y(-2). Suppose 0 = -f + d*f - 42. Let k = 6 + f. Calculate the greatest common divisor of k and 5.
5
Let f be 102/2*(-3)/(6/(-2)). Let h = f + 114. What is the highest common divisor of h and 33?
33
Let o(l) = -2*l**3 - 7*l**2 - 32*l - 24. Let b be o(-4). What is the highest common divisor of 780 and b?
60
Let c be 1078 + 2 + (-56)/(-16)*-2. What is the highest common factor of 37 and c?
37
Let k be 4/(-18) + 448/72. Let h = k - -90. What is the greatest common divisor of 24 and h?
24
Let t = -5 - -105. Let h = -37 + 62. Calculate the highest common divisor of t and h.
25
Suppose -t + v = 4*t - 29, -v - 19 = -3*t. Suppose 0 = 11*m - t*m - 132. What is the highest common factor of m and 55?
11
Let d be (-15)/(-20)*16/6. Suppose -3*w = -2*s - 50, -2*w = -3*w + d*s + 18. Suppose -12*o + 8*o = -160. What is the greatest common factor of o and w?
8
Let o = -648 - -657. What is the greatest common divisor of 33 and o?
3
Let o(x) = 182*x + 1 + 198*x + 15*x. Let p be o(1). Suppose 991 - 1351 = -10*r. What is the highest common factor of p and r?
36
Suppose f - 16 = -5*x, -3*f - 28 = -5*x - f. Let c = x + 10. Suppose 2*g - 20 + 6 = 0. What is the highest common factor of g and c?
7
Let l = -18 + 20. Let p be 100/l*(-16)/(-40). Calculate the greatest common divisor of p and 220.
20
Let d(v) = -v**3 + 47*v**2 - 128*v + 109. Let u be d(44). Calculate the greatest common factor of u and 133.
19
Let f = 75 + -51. Let w = f + -34. Let u = w + 24. What is the greatest common divisor of u and 14?
14
Let h = -15 - -42. Let z = -29 + 32. Suppose 9 = z*y, -q + 18 = -y + 6*y. What is the greatest common divisor of q and h?
3
Suppose 23 = 4*g + 15. Let r(d) = -d**3 + 3*d**2 - 2. Let p be r(g). What is the highest common divisor of p and 1?
1
Let j be ((-104)/(-6))/((-226)/(-21357)). What is the highest common divisor of j and 36?
18
Let f(y) = 137*y**3 - 4*y**2 + 